hat are the prime factors of 4160583?
3, 7, 66041
List the prime factors of 493635.
3, 5, 32909
List the prime factors of 79647.
3, 139, 191
What are the prime factors of 5162302?
2, 421, 6131
What are the prime factors of 78079?
78079
List the prime factors of 169811.
47, 3613
What are the prime factors of 4834754?
2, 2417377
List the prime factors of 590001.
3, 193, 1019
List the prime factors of 25829778.
2, 3, 13, 19, 29, 601
List the prime factors of 303120.
2, 3, 5, 421
What are the prime factors of 191864?
2, 29, 827
List the prime factors of 105961.
17, 23, 271
List the prime factors of 163475.
5, 13, 503
List the prime factors of 2575570.
2, 5, 37, 6961
What are the prime factors of 700577?
700577
What are the prime factors of 4722324?
2, 3, 193, 2039
What are the prime factors of 641412?
2, 3, 5939
List the prime factors of 334094.
2, 167047
List the prime factors of 755080.
2, 5, 43, 439
What are the prime factors of 138707?
29, 4783
What are the prime factors of 226816?
2, 443
What are the prime factors of 37192?
2, 4649
List the prime factors of 225244.
2, 56311
What are the prime factors of 15940111?
11, 29, 107, 467
What are the prime factors of 601747?
601747
List the prime factors of 160397.
160397
List the prime factors of 1952511.
3, 11, 59167
List the prime factors of 165418.
2, 11, 73, 103
What are the prime factors of 566009?
43, 13163
What are the prime factors of 146950?
2, 5, 2939
List the prime factors of 673451.
673451
List the prime factors of 5074424.
2, 89, 7127
What are the prime factors of 2054839?
2054839
List the prime factors of 70392.
2, 3, 7, 419
List the prime factors of 197895.
3, 5, 79, 167
List the prime factors of 5004420.
2, 3, 5, 83407
What are the prime factors of 334847?
41, 8167
List the prime factors of 11667027.
3, 3889009
What are the prime factors of 1005698?
2, 23, 21863
What are the prime factors of 550887?
3, 47, 3907
What are the prime factors of 245745?
3, 5, 43, 127
What are the prime factors of 1002199?
11, 31, 2939
What are the prime factors of 12139783?
2953, 4111
What are the prime factors of 1912030?
2, 5, 71, 2693
List the prime factors of 844654.
2, 29, 14563
List the prime factors of 640315.
5, 13, 9851
List the prime factors of 1549235.
5, 383, 809
List the prime factors of 551024.
2, 34439
List the prime factors of 36231184.
2, 11, 139, 1481
List the prime factors of 174303.
3, 107, 181
What are the prime factors of 30683625?
3, 5, 7, 11689
What are the prime factors of 2735739?
3, 197, 1543
What are the prime factors of 83465?
5, 16693
What are the prime factors of 9822835?
5, 11, 178597
What are the prime factors of 326730?
2, 3, 5, 10891
What are the prime factors of 676882?
2, 107, 3163
List the prime factors of 1028610.
2, 3, 5, 11, 1039
List the prime factors of 193108.
2, 23, 2099
What are the prime factors of 309550?
2, 5, 41, 151
What are the prime factors of 597472?
2, 18671
What are the prime factors of 89325?
3, 5, 397
List the prime factors of 861.
3, 7, 41
What are the prime factors of 7318012?
2, 13, 140731
What are the prime factors of 707187?
3, 13, 18133
What are the prime factors of 261463?
261463
What are the prime factors of 11671368?
2, 3, 486307
What are the prime factors of 33252630?
2, 3, 5, 109, 10169
List the prime factors of 77296.
2, 4831
List the prime factors of 15958.
2, 79, 101
List the prime factors of 2601264.
2, 3, 54193
List the prime factors of 12714567.
3, 4238189
List the prime factors of 1827841.
29, 63029
List the prime factors of 18805773.
3, 7, 911, 983
What are the prime factors of 4724975?
5, 188999
What are the prime factors of 8519931?
3, 7, 61, 739
List the prime factors of 746589.
3, 17, 14639
List the prime factors of 5842417.
7, 119233
What are the prime factors of 4082586?
2, 3, 680431
List the prime factors of 1923807.
3, 19, 33751
What are the prime factors of 8612511?
3, 23, 124819
What are the prime factors of 4544471?
1021, 4451
What are the prime factors of 37379?
37379
List the prime factors of 24825894.
2, 3, 19, 217771
List the prime factors of 371630.
2, 5, 7, 5309
What are the prime factors of 3267761?
7, 1361
List the prime factors of 433938.
2, 3, 31, 2333
What are the prime factors of 17044776?
2, 3, 7, 11273
List the prime factors of 11147157.
3, 7, 23, 157
List the prime factors of 577832.
2, 72229
List the prime factors of 724450.
2, 5, 14489
What are the prime factors of 741029?
223, 3323
What are the prime factors of 509926?
2, 254963
What are the prime factors of 687104?
2, 11, 61
What are the prime factors of 18034544?
2, 11, 43, 2383
List the prime factors of 138172.
2, 34543
List the prime factors of 1047492.
2, 3, 53, 61
What are the prime factors of 177757?
149, 1193
List the prime factors of 9742939.
67, 145417
List the prime factors of 5793739.
7, 827677
List the prime factors of 643342.
2, 7, 45953
What are the prime factors of 270789?
3, 90263
What are the prime factors of 6673257?
3, 741473
List the prime factors of 7001760.
2, 3, 5, 29, 503
List the prime factors of 9892958.
2, 19, 257, 1013
List the prime factors of 23768724.
2, 3, 7, 40423
What are the prime factors of 966031?
11, 53, 1657
What are the prime factors of 15261980?
2, 5, 97, 7867
What are the prime factors of 22267582?
2, 19, 585989
What are the prime factors of 104102?
2, 52051
List the prime factors of 16672.
2, 521
List the prime factors of 2488125.
3, 5, 1327
List the prime factors of 170091.
3, 18899
What are the prime factors of 172575?
3, 5, 13, 59
What are the prime factors of 75609?
3, 31, 271
What are the prime factors of 1853121?
3, 617707
List the prime factors of 99271.
37, 2683
What are the prime factors of 7744827?
3, 29, 89021
What are the prime factors of 29658402?
2, 3, 1647689
List the prime factors of 6093044.
2, 1523261
What are the prime factors of 1505356?
2, 41, 67, 137
What are the prime factors of 175128?
2, 3, 7297
List the prime factors of 1846939.
1846939
What are the prime factors of 625742?
2, 13, 41, 587
What are the prime factors of 23430?
2, 3, 5, 11, 71
List the prime factors of 1551729.
3, 517243
What are the prime factors of 7556473?
37, 131, 1559
What are the prime factors of 4113643?
17, 241979
List the prime factors of 6406154.
2, 19, 263, 641
List the prime factors of 1766193.
3, 11, 13, 23, 179
What are the prime factors of 3665118?
2, 3, 131, 4663
What are the prime factors of 1478378?
2, 11, 41, 149
What are the prime factors of 1216429?
41, 29669
What are the prime factors of 712215?
3, 5, 7, 17, 19
List the prime factors of 309511.
23, 13457
What are the prime factors of 110419?
110419
What are the prime factors of 221266?
2, 317, 349
What are the prime factors of 128038?
2, 64019
What are the prime factors of 28467470?
2, 5, 1069, 2663
What are the prime factors of 1334833?
1334833
What are the prime factors of 5177006?
2, 19, 136237
List the prime factors of 3614931.
3, 17, 23627
List the prime factors of 763561.
31, 24631
What are the prime factors of 85327?
11, 7757
What are the prime factors of 91421?
11, 8311
What are the prime factors of 2149965?
3, 5, 47777
List the prime factors of 2016071.
19, 106109
List the prime factors of 6925188.
2, 3, 17, 83, 409
List the prime factors of 22921609.
22921609
List the prime factors of 2895197.
521, 5557
List the prime factors of 841667.
29, 29023
List the prime factors of 8888143.
11, 19, 23, 43
List the prime factors of 1421169.
3, 473723
List the prime factors of 467844.
2, 3, 13, 2999
What are the prime factors of 5447195?
5, 13, 181, 463
List the prime factors of 1004102.
2, 11, 45641
What are the prime factors of 23127475?
5, 7, 132157
What are the prime factors of 211033?
19, 29, 383
List the prime factors of 19459.
11, 29, 61
List the prime factors of 664681.
101, 6581
What are the prime factors of 439977?
3, 17, 8627
List the prime factors of 5630661.
3, 107, 1949
What are the prime factors of 335275?
5, 13411
What are the prime factors of 3614668?
2, 73, 12379
List the prime factors of 651908.
2, 79, 2063
List the prime factors of 3329955.
3, 5, 73999
What are the prime factors of 3176780?
2, 5, 193, 823
What are the prime factors of 39703850?
2, 5, 794077
List the prime factors of 568324.
2, 47, 3023
What are the prime fac